(t) = t**2 + 6*t - 1. Let y be v(-7). Suppose 3*c = -3, 4*c = 5*b + y*c - 603. What is the highest common factor of b and 11?
11
Let f(l) = -l**2 + 11*l + 12. Let t be f(12). Suppose -5*z + t*z + 120 = 0. What is the highest common divisor of 72 and z?
24
Suppose 0 = -4*t - 2*m - 6, 1 = -2*t - 4*m + 5*m. Let v be (t - -1)/(-3) - -45. What is the highest common factor of 9 and v?
9
Let n be (-21 - -3)*(-15)/9. What is the greatest common factor of 60 and n?
30
Suppose -6*l + 71 = -217. Calculate the greatest common factor of l and 480.
48
Let b be (28/8 + -2)*2. Suppose -40 = -4*n - s - b*s, 5*s = 4*n - 58. What is the greatest common factor of n and 120?
12
Suppose -2100 = 6*b - 21*b. Calculate the highest common factor of 56 and b.
28
Let b be -9*7/9*-3. What is the greatest common divisor of b and 105?
21
Suppose -80 = -2*j - 2*j. Let f be ((-12)/(-10))/((-4)/(-10)). Let w be ((-2)/f)/(2/(-12)). What is the greatest common factor of j and w?
4
Let g(n) = -n + 11. Let m be g(8). Suppose -5*w + 359 = -0*w - m*k, 5*w - 5*k - 365 = 0. What is the greatest common divisor of 28 and w?
14
Let v = -17 + 53. Suppose 10*h = 6*h + v. What is the highest common factor of h and 45?
9
Let b = 87 - 24. What is the highest common factor of b and 42?
21
Let k = 8 - 4. Suppose a = -4*a + 5*g + 150, g = k*a - 120. Calculate the highest common factor of a and 30.
30
Let m be 378/(-56)*(22/(-3) - -2). What is the highest common factor of m and 9?
9
Suppose 4*y - 68 = -0*y - 2*n, 4*y - 2*n = 60. Calculate the highest common divisor of 16 and y.
16
Let f(o) = 6*o - 5 - 6 - 6*o**2 + 3*o - o**3. Suppose b = m - 3*b - 4, 28 = -2*m - 4*b. Let w be f(m). What is the greatest common divisor of 30 and w?
15
Let t be 3*((-28)/(-6) + -4). Let k = 2 - 0. Suppose k*a - 34 = t*j - 0, -5*a - 3*j = -45. Calculate the greatest common divisor of a and 12.
12
Suppose -2*p - 2 = -2*i, -2*p - 16 = -4*i - 4*p. Let q = -7 + 13. What is the highest common divisor of i and q?
3
Let r be 219/9 + 2/(-6). Suppose 0 = -20*c + 1483 + 917. What is the greatest common factor of c and r?
24
Let f be 4/(-10) + (-14)/(-10). Let h = -2 - -7. Suppose -25 = -h*z - 5. What is the greatest common factor of z and f?
1
Let v(q) = -14*q + 3*q + 5 - 4*q. Suppose -3*o = o + 36. Let h be v(o). Calculate the greatest common factor of 20 and h.
20
Let v(d) = d**3 - 7*d**2 + d + 8. Let h be v(7). Let q be -3 + 3 + -4 + 14. What is the highest common factor of h and q?
5
Let s(f) = f + 12. Let n be s(-10). Suppose -3*u + 3*y + 78 = 0, -3*u = n*u + 2*y - 116. Calculate the highest common factor of 16 and u.
8
Let g be -2*3/(-12)*-2. Let r be 8/12*(2 - g). Calculate the greatest common factor of r and 8.
2
Let m = 21 - 2. Let u be (-1 - 0)/((-1)/19). Calculate the highest common divisor of u and m.
19
Let f be (-3 - -26)*(1 + 0). Calculate the highest common divisor of 69 and f.
23
Let a be (-2)/(9/(-6) + 1). Let t(g) = -g**3 + 5*g**2 - 2*g - 5. Let c be t(a). Suppose 12 = c*f - 6. What is the greatest common factor of f and 54?
6
Suppose -d = -4*y + 54, y + d = 3*y - 28. Let a(b) = -b**3 + 5*b**2 - 3. Let o be a(4). What is the greatest common divisor of y and o?
13
Suppose 18 = 3*l - 27. Let h be (-442)/(-5) + (-6)/l. Let s be (-1 - -6)*h/5. What is the highest common divisor of 8 and s?
8
Let t be 2/(-3) + (-1030)/(-6). What is the greatest common factor of 19 and t?
19
Let q(n) = -2*n**2 + 2*n + 129. Let o be q(0). What is the highest common divisor of o and 43?
43
Suppose 6*i + 5 = i, -29 = 2*v + 3*i. Let q = 18 + v. Suppose 0 = 4*h - 1 - 3. Calculate the highest common factor of q and h.
1
Suppose 0 = -4*r + r - x + 89, 43 = r + 3*x. Let g be (r/(-21))/((-2)/12). What is the highest common divisor of g and 72?
8
Let c = 167 + -57. What is the highest common factor of 10 and c?
10
Let f be ((-6)/(-4))/((-6)/(-12)). Suppose 99 = f*p - 3*u, p - u - 27 = -2*u. What is the highest common divisor of p and 12?
6
Let k = 103 - 87. Let g(m) = -33*m - 2. Let b be g(-2). Calculate the highest common divisor of b and k.
16
Let a(v) = 2*v - 5. Let m be a(5). Suppose -4*h - 3*b = -534, -m*h = 3*b - 228 - 438. Calculate the greatest common divisor of 12 and h.
12
Let u = 148 - 67. What is the highest common factor of u and 9?
9
Suppose 5*l - 205 = 2*c, -2*l - c = -4*l + 83. Suppose -3*m + 6*m = l. Calculate the greatest common factor of m and 13.
13
Suppose -2*u + 20 = 2*u. Let p = -1 - u. Let d(c) = 2*c**2 + 8*c + 6. Let n be d(p). What is the greatest common divisor of 6 and n?
6
Suppose -2*o = -4*u + 34, u + 3*o + 27 = 4*u. Suppose 0 = -k + u + 4. Calculate the greatest common factor of 6 and k.
6
Suppose i = -3*b + 2*b + 14, -i = 2*b - 17. What is the greatest common factor of i and 1?
1
Let k be (-23)/(-1)*(6 - 12)/(-6). Calculate the greatest common divisor of 161 and k.
23
Let p(z) = -z**2 - 9*z - 15. Suppose r + 3*r = -24. Let j be p(r). Calculate the highest common divisor of j and 3.
3
Let k(j) = -6*j**2 + 13*j - 9. Let a(v) = -3*v**2 + 6*v - 5. Let h(n) = -5*a(n) + 2*k(n). Let d be h(3). What is the greatest common factor of d and 198?
22
Let p be (-3216)/(-60) - (-2)/5. What is the greatest common divisor of p and 36?
18
Let p be (0 + 32)/4 + 2 + -4. Calculate the highest common divisor of 6 and p.
6
Let y = -33 + 57. Let x = 36 - y. What is the highest common factor of 3 and x?
3
Suppose 5*b + 5*p = 60, -2*b - 3*p + 48 = 2*b. Suppose 3*u = -k - 2*k - b, 5*k + 20 = u. Suppose u*s = s - 39. What is the greatest common factor of s and 26?
13
Let r(a) = 18*a - 2. Let k be r(4). Calculate the highest common factor of k and 28.
14
Let f = -199 - -279. Let g = f + -36. Let k = -9 - -13. Calculate the highest common factor of g and k.
4
Suppose 0 = -r - 0*r + 5, -f = 2*r - 6. Let u be 14/f*(-16)/8. What is the highest common divisor of 28 and u?
7
Let b = -15 + 55. Calculate the highest common divisor of 16 and b.
8
Let w(f) = 33*f - 12. Let j be w(4). What is the highest common factor of j and 48?
24
Suppose 4*d - 3*y = 2*d + 11, d + y = 8. Suppose 3*i - 2*h + 4 - 3 = 0, 5*i - h - 10 = 0. Let f = i + -2. What is the greatest common factor of f and d?
1
Suppose s - 5*x + 9 = 33, 5*s - 5*x = 200. Suppose -8*c + 3*c + 550 = 0. What is the greatest common divisor of s and c?
22
Let y(f) = f**2 - 11*f - 17. Let o be y(12). Let r(u) = -4*u**2 - 9*u + 6*u**2 - 1 - 3*u**2. Let j be r(o). What is the greatest common factor of 95 and j?
19
Let d(v) = 3*v - 3. Let l be d(9). Let p be (-197 - (-1 + -1))/(-1). Suppose 3*u = -p + 555. What is the highest common factor of l and u?
24
Suppose -4*o + 63 = d, 0 = d - 0*d + 1. Suppose 3*j - 142 + o = 0. Calculate the greatest common divisor of 14 and j.
14
Suppose 3*n + 7 = 5*z, -2*n + 2*z + 2 = -0*z. What is the highest common divisor of n and 2?
2
Let r = -18 - -42. Suppose -p - 585 = -0*p. Let z = -321 - p. What is the highest common factor of r and z?
24
Suppose 2*v - 13 - 29 = 0. Let t be 4/14 + 141/v. Suppose -x - 1 + 2 = 0. Calculate the highest common factor of t and x.
1
Let r(s) = 10 - s**2 + 18*s - 6 - 7*s. Suppose -2*k - 3*h + 17 = 0, 5*k - k = 3*h + 43. Let d be r(k). What is the highest common factor of 35 and d?
7
Suppose -2*p - 2*y + y + 53 = 0, 0 = 3*p + 4*y - 87. Let u = 30 - 20. Let g be (u/8)/((-2)/(-16)). What is the highest common factor of p and g?
5
Suppose -5*k = -4*k - 14. Calculate the greatest common divisor of 56 and k.
14
Suppose 6*a = a + 2*m + 62, -4*m - 4 = 0. Calculate the greatest common factor of a and 108.
12
Let c be (-207)/(-21) - 4/(-28). What is the greatest common divisor of 110 and c?
10
Suppose -15*d - 256 = -17*d. Let o be (-2)/((-17)/8 - -2). What is the greatest common divisor of d and o?
16
Suppose -2 + 5 = -x. Let n(k) = k**2 + 3*k + 2. Let y be n(x). Suppose -g = -3 - y. Calculate the greatest common factor of 5 and g.
5
Let c(q) be the third derivative of -q**5/60 + 5*q**4/8 - q**3 - 6*q**2. Let i be c(13). What is the highest common divisor of 200 and i?
20
Let v(w) = w**3 - 3*w**2 - w + 4. Let t be v(3). What is the greatest common factor of 1 and t?
1
Let k(y) = -44*y - 5. Let j be k(-8). Let c = 494 - j. Let q(z) = 4*z**2 - 3*z - 1. Let g be q(-2). What is the highest common divisor of g and c?
21
Suppose -13 - 12 = -5*g. Let